{"id":223,"date":"2020-03-24T15:11:26","date_gmt":"2020-03-24T14:11:26","guid":{"rendered":"https:\/\/ihrehautaerztin.at\/?page_id=223"},"modified":"2023-11-16T09:42:08","modified_gmt":"2023-11-16T08:42:08","slug":"test","status":"publish","type":"page","link":"https:\/\/ihrehautaerztin.at\/","title":{"rendered":"start"},"content":{"rendered":"<p><div class=\"fusion-fullwidth fullwidth-box fusion-builder-row-1 nonhundred-percent-fullwidth non-hundred-percent-height-scrolling\" style=\"--awb-border-radius-top-left:0px;--awb-border-radius-top-right:0px;--awb-border-radius-bottom-right:0px;--awb-border-radius-bottom-left:0px;--awb-flex-wrap:wrap;\" ><div class=\"fusion-builder-row fusion-row\"><div class=\"fusion-layout-column fusion_builder_column fusion-builder-column-0 fusion_builder_column_1_1 1_1 fusion-one-full fusion-column-first fusion-column-last\" style=\"--awb-bg-size:cover;\"><div class=\"fusion-column-wrapper fusion-column-has-shadow fusion-flex-column-wrapper-legacy\"><div class=\"fusion-text fusion-text-1\"><h1 class=\"fusion-responsive-typography-calculated\" style=\"text-align: center;\" data-fontsize=\"30\" data-lineheight=\"42px\">Fach\u00e4rztin f\u00fcr Haut- &amp; Geschlechtskrankheiten<br \/>\nAllgemeine, operative, \u00e4sthetische Dermatologie<\/h1>\n<\/div><div class=\"fusion-text fusion-text-2\"><p style=\"text-align: center;\">Unser\u00a0<span class=\"fusion-tooltip tooltip-shortcode\" title=\"\" data-animation=\"\" data-delay=\"0\" data-placement=\"top\" data-title=\"none\" data-toggle=\"tooltip\" data-trigger=\"hover\" data-original-title=\"none\"><strong>Ziel<\/strong><\/span>\u00a0ist\u00a0<span class=\"fusion-tooltip tooltip-shortcode\" title=\"\" data-animation=\"\" data-delay=\"0\" data-placement=\"top\" data-title=\"none\" data-toggle=\"tooltip\" data-trigger=\"hover\" data-original-title=\"none\"><strong>gesunde und sch\u00f6ne Haut\u00a0<\/strong><\/span>f\u00fcr all unsere Patienten,<br \/>\nsowie eine<span class=\"fusion-tooltip tooltip-shortcode\" title=\"\" data-animation=\"\" data-delay=\"0\" data-placement=\"top\" data-title=\"none\" data-toggle=\"tooltip\" data-trigger=\"hover\" data-original-title=\"none\">\u00a0<strong>angenehme<\/strong><\/span><strong>\u00a0<\/strong>und\u00a0<span class=\"fusion-tooltip tooltip-shortcode\" title=\"\" data-animation=\"\" data-delay=\"0\" data-placement=\"top\" data-title=\"none\" data-toggle=\"tooltip\" data-trigger=\"hover\" data-original-title=\"none\"><strong>vertrauensvolle Behandlung<\/strong><\/span>\u00a0anzubieten.<\/p>\n<\/div><div class=\"fusion-sep-clear\"><\/div><div class=\"fusion-separator fusion-full-width-sep\" style=\"margin-left: auto;margin-right: auto;width:100%;\"><div class=\"fusion-separator-border sep-single sep-solid\" style=\"--awb-height:20px;--awb-amount:20px;--awb-sep-color:#d5b19b;border-color:#d5b19b;border-top-width:1px;\"><\/div><\/div><div class=\"fusion-sep-clear\"><\/div><div class=\"fusion-clearfix\"><\/div><\/div><\/div><\/div><\/div><div class=\"fusion-fullwidth fullwidth-box fusion-builder-row-2 nonhundred-percent-fullwidth non-hundred-percent-height-scrolling\" style=\"--awb-border-radius-top-left:0px;--awb-border-radius-top-right:0px;--awb-border-radius-bottom-right:0px;--awb-border-radius-bottom-left:0px;--awb-flex-wrap:wrap;\" ><div class=\"fusion-builder-row fusion-row\"><div class=\"fusion-layout-column fusion_builder_column fusion-builder-column-1 fusion_builder_column_1_1 1_1 fusion-one-full fusion-column-first fusion-column-last\" style=\"--awb-bg-size:cover;\"><div class=\"fusion-column-wrapper fusion-column-has-shadow fusion-flex-column-wrapper-legacy\"><div class=\"fusion-text fusion-text-3\"><p style=\"text-align: center;\"><strong><em>WIR BITTEN UM IHR VERST\u00c4NDNIS, DASS WIR DERZEIT LEIDER KEINE NEUEN PATIENTEN ANNEHMEN K\u00d6NNEN!<\/em><\/strong><\/p>\n<hr \/>\n<p style=\"text-align: center;\">Liebe Patientinnen und Patienten!<\/p>\n<p style=\"text-align: center;\">Wir bem\u00fchen uns, in unserer Praxis jeden Patienten\/jede Patientin bestm\u00f6glich zu betreuen und auch wenig Wartezeit entstehen zu lassen.\u00a0 Manchmal ben\u00f6tigen Patienten aber aus verschiedenen Gr\u00fcnden mehr Zeit, als geplant, bzw. kann es sein, dass Notfalltermine eingeschoben werden m\u00fcssen. Aus diesem Grund kann es auch in einer Wahlarztordination durchaus zu l\u00e4ngeren Terminverz\u00f6gerungen kommen.\u00a0 Bitte bedenken Sie, dass Sie das auch selbst betreffen k\u00f6nnte,\u00a0 daher bitten wir Sie h\u00f6flichst um Ihr Verst\u00e4ndnis!<\/p>\n<p style=\"text-align: center;\">Bitte haben Sie auch Verst\u00e4ndnis,<\/p>\n<p style=\"text-align: center;\">dass wir telefonisch <strong>nicht immer<\/strong> erreichbar sind, bitte versuchen Sie es zu einem sp\u00e4teren Zeitpunkt erneut.<\/p>\n<\/div><div class=\"fusion-clearfix\"><\/div><\/div><\/div><\/div><\/div><div class=\"fusion-fullwidth fullwidth-box fusion-builder-row-3 nonhundred-percent-fullwidth non-hundred-percent-height-scrolling\" style=\"--awb-border-radius-top-left:0px;--awb-border-radius-top-right:0px;--awb-border-radius-bottom-right:0px;--awb-border-radius-bottom-left:0px;--awb-flex-wrap:wrap;\" ><div class=\"fusion-builder-row fusion-row\"><div class=\"fusion-layout-column fusion_builder_column fusion-builder-column-2 fusion_builder_column_1_2 1_2 fusion-one-half fusion-column-first\" style=\"--awb-bg-size:cover;width:50%;width:calc(50% - ( ( 4% ) * 0.5 ) );margin-right: 4%;\"><div class=\"fusion-column-wrapper fusion-column-has-shadow fusion-flex-column-wrapper-legacy\"><div class=\"fusion-image-element in-legacy-container\" style=\"--awb-caption-title-font-family:var(--h2_typography-font-family);--awb-caption-title-font-weight:var(--h2_typography-font-weight);--awb-caption-title-font-style:var(--h2_typography-font-style);--awb-caption-title-size:var(--h2_typography-font-size);--awb-caption-title-transform:var(--h2_typography-text-transform);--awb-caption-title-line-height:var(--h2_typography-line-height);--awb-caption-title-letter-spacing:var(--h2_typography-letter-spacing);\"><span class=\" fusion-imageframe imageframe-none imageframe-1 hover-type-none\"><img decoding=\"async\" width=\"800\" height=\"800\" title=\"start\" src=\"https:\/\/ihrehautaerztin.at\/wp\/wp-content\/uploads\/2018\/07\/start.jpg\" alt class=\"img-responsive wp-image-6\" srcset=\"https:\/\/ihrehautaerztin.at\/wp\/wp-content\/uploads\/2018\/07\/start-200x200.jpg 200w, https:\/\/ihrehautaerztin.at\/wp\/wp-content\/uploads\/2018\/07\/start-400x400.jpg 400w, https:\/\/ihrehautaerztin.at\/wp\/wp-content\/uploads\/2018\/07\/start-600x600.jpg 600w, https:\/\/ihrehautaerztin.at\/wp\/wp-content\/uploads\/2018\/07\/start.jpg 800w\" sizes=\"(max-width: 800px) 100vw, 600px\" \/><\/span><\/div><div class=\"fusion-clearfix\"><\/div><\/div><\/div><div class=\"fusion-layout-column fusion_builder_column fusion-builder-column-3 fusion_builder_column_1_2 1_2 fusion-one-half fusion-column-last\" style=\"--awb-bg-size:cover;width:50%;width:calc(50% - ( ( 4% ) * 0.5 ) );\"><div class=\"fusion-column-wrapper fusion-column-has-shadow fusion-flex-column-wrapper-legacy\"><div class=\"fusion-image-element in-legacy-container\" style=\"--awb-caption-title-font-family:var(--h2_typography-font-family);--awb-caption-title-font-weight:var(--h2_typography-font-weight);--awb-caption-title-font-style:var(--h2_typography-font-style);--awb-caption-title-size:var(--h2_typography-font-size);--awb-caption-title-transform:var(--h2_typography-text-transform);--awb-caption-title-line-height:var(--h2_typography-line-height);--awb-caption-title-letter-spacing:var(--h2_typography-letter-spacing);\"><span class=\" fusion-imageframe imageframe-none imageframe-2 hover-type-none\"><img decoding=\"async\" width=\"800\" height=\"800\" title=\"drelenabiricz-start\" src=\"https:\/\/ihrehautaerztin.at\/wp\/wp-content\/uploads\/2018\/07\/drelenabiricz-start.jpg\" alt class=\"img-responsive wp-image-8\" srcset=\"https:\/\/ihrehautaerztin.at\/wp\/wp-content\/uploads\/2018\/07\/drelenabiricz-start-200x200.jpg 200w, https:\/\/ihrehautaerztin.at\/wp\/wp-content\/uploads\/2018\/07\/drelenabiricz-start-400x400.jpg 400w, https:\/\/ihrehautaerztin.at\/wp\/wp-content\/uploads\/2018\/07\/drelenabiricz-start-600x600.jpg 600w, https:\/\/ihrehautaerztin.at\/wp\/wp-content\/uploads\/2018\/07\/drelenabiricz-start.jpg 800w\" sizes=\"(max-width: 800px) 100vw, 600px\" \/><\/span><\/div><div class=\"fusion-clearfix\"><\/div><\/div><\/div><\/div><\/div><\/p>\n","protected":false},"excerpt":{"rendered":"","protected":false},"author":1,"featured_media":0,"parent":0,"menu_order":0,"comment_status":"closed","ping_status":"closed","template":"","meta":{"footnotes":""},"class_list":["post-223","page","type-page","status-publish","hentry"],"_links":{"self":[{"href":"https:\/\/ihrehautaerztin.at\/index.php?rest_route=\/wp\/v2\/pages\/223"}],"collection":[{"href":"https:\/\/ihrehautaerztin.at\/index.php?rest_route=\/wp\/v2\/pages"}],"about":[{"href":"https:\/\/ihrehautaerztin.at\/index.php?rest_route=\/wp\/v2\/types\/page"}],"author":[{"embeddable":true,"href":"https:\/\/ihrehautaerztin.at\/index.php?rest_route=\/wp\/v2\/users\/1"}],"replies":[{"embeddable":true,"href":"https:\/\/ihrehautaerztin.at\/index.php?rest_route=%2Fwp%2Fv2%2Fcomments&post=223"}],"version-history":[{"count":11,"href":"https:\/\/ihrehautaerztin.at\/index.php?rest_route=\/wp\/v2\/pages\/223\/revisions"}],"predecessor-version":[{"id":280,"href":"https:\/\/ihrehautaerztin.at\/index.php?rest_route=\/wp\/v2\/pages\/223\/revisions\/280"}],"wp:attachment":[{"href":"https:\/\/ihrehautaerztin.at\/index.php?rest_route=%2Fwp%2Fv2%2Fmedia&parent=223"}],"curies":[{"name":"wp","href":"https:\/\/api.w.org\/{rel}","templated":true}]}}